{"id":4257,"date":"2020-12-03T19:08:14","date_gmt":"2020-12-04T00:08:14","guid":{"rendered":"https:\/\/www.yorku.ca\/bolddev\/enseignement-a-distance\/"},"modified":"2021-10-24T13:08:59","modified_gmt":"2021-10-24T17:08:59","slug":"enseignement-a-distance","status":"publish","type":"page","link":"https:\/\/www.yorku.ca\/bold\/enseignement-a-distance\/?lang=fr","title":{"rendered":"Enseignement \u00e0 distance"},"content":{"rendered":"\n<div style=\"height:25px\" aria-hidden=\"true\" class=\"wp-block-spacer\"><\/div>\n\n\n<form role=\"search\" method=\"get\" action=\"https:\/\/www.yorku.ca\/bold\/\" class=\"wp-block-search__button-outside wp-block-search__text-button wp-block-search\"    ><label class=\"wp-block-search__label\" for=\"wp-block-search__input-1\" >Recherche<\/label><div class=\"wp-block-search__inside-wrapper\" ><input class=\"wp-block-search__input\" id=\"wp-block-search__input-1\" placeholder=\"Recherche de ressources pour l&apos;enseignment\" value=\"\" type=\"search\" name=\"s\" required \/><button aria-label=\"Recherche\" class=\"wp-block-search__button wp-element-button\" type=\"submit\" >Recherche<\/button><\/div><input type='hidden' name='lang' value='en' \/><\/form>\n\n\n<div style=\"height:50px\" aria-hidden=\"true\" class=\"wp-block-spacer\"><\/div>\n\n\n\n<h2 class=\"wp-block-heading\">Par\u00e9s pour l\u2019<img loading=\"lazy\" decoding=\"async\" width=\"28\" height=\"28\" class=\"wp-image-5351\" style=\"width: 28px;\" src=\"https:\/\/www.yorku.ca\/bold\/wp-content\/uploads\/sites\/393\/2021\/10\/image-2.png\" alt=\"e\">nseignement \u00e0 distance<\/h2>\n\n\n\n<p>La COVID-19 a cr\u00e9\u00e9 la n\u00e9cessit\u00e9 d'un passage rapide \u00e0 l'apprentissage \u00e0 distance, et bien que ce type de prestation soit nouveau pour beaucoup de gens et s\u2019accompagne de nouveaux d\u00e9fis, n'oubliez pas que c\u2019est vous qui contr\u00f4lez le processus. Ce site a \u00e9t\u00e9 con\u00e7u pour fournir une aide p\u00e9dagogique bas\u00e9e sur le type de besoins que vous avez dans vos cours, votre situation et les besoins de vos \u00e9tudiants. Pour commencer, regardez <a rel=\"noopener noreferrer\" href=\"https:\/\/yorku.ca\/bold\/defis-les-plus-communs\/?lang=fr\" target=\"_blank\">cette courte vid\u00e9o<\/a> pour avoir un aper\u00e7u de ce \u00e0 quoi s\u2019attendre lorsqu\u2019on enseigne et qu\u2019on apprend \u00e0 distance. Pour vous aider \u00e0 naviguer dans le site vous pouvez consulter <a rel=\"noreferrer noopener\" href=\"https:\/\/www.yorku.ca\/bold\/wp-content\/uploads\/sites\/393\/2020\/09\/Essentiels-liste-de-controle-Option-A_RDW-3-1.pdf\" target=\"_blank\">cette liste qui contient les \u00e9tapes essentielles<\/a> pour vous pr\u00e9parer \u00e0 l'enseignement \u00e0 distance.<\/p>\n\n\n\n<div class=\"wp-block-columns is-layout-flex wp-container-core-columns-is-layout-9d6595d7 wp-block-columns-is-layout-flex\">\n<div class=\"wp-block-column is-layout-flow wp-block-column-is-layout-flow\"><\/div>\n\n\n\n<div class=\"wp-block-column is-layout-flow wp-block-column-is-layout-flow\">\n<div class=\"wp-block-buttons is-layout-flex wp-block-buttons-is-layout-flex\">\n<div class=\"wp-block-button\"><a class=\"wp-block-button__link has-text-color has-background\" href=\"https:\/\/www.yorku.ca\/bold\/assistance\/?lang=fr\" style=\"background-color:#e31837;color:#f6f9fa\">Nous sommes l\u00e0 pour vous assister<\/a><\/div>\n<\/div>\n<\/div>\n\n\n\n<div class=\"wp-block-column is-layout-flow wp-block-column-is-layout-flow\"><\/div>\n<\/div>\n\n\n\n<div class=\"wp-block-columns card-deck aspect-ratio is-layout-flex wp-container-core-columns-is-layout-9d6595d7 wp-block-columns-is-layout-flex\">\n<div class=\"wp-block-column card rounded-0 bg-white is-layout-flow wp-block-column-is-layout-flow\">\n<figure class=\"wp-block-image size-large\"><img loading=\"lazy\" decoding=\"async\" width=\"900\" height=\"600\" src=\"https:\/\/www.yorku.ca\/bold\/wp-content\/uploads\/sites\/393\/2021\/03\/Artboard-1-copy-4-2.png\" alt=\"An image of a list being checked off\" class=\"wp-image-4136\" srcset=\"https:\/\/www.yorku.ca\/bold\/wp-content\/uploads\/sites\/393\/2021\/03\/Artboard-1-copy-4-2.png 900w, https:\/\/www.yorku.ca\/bold\/wp-content\/uploads\/sites\/393\/2021\/03\/Artboard-1-copy-4-2-300x200.png 300w\" sizes=\"auto, (max-width: 900px) 100vw, 900px\" \/><\/figure>\n\n\n\n<div class=\"wp-block-group card-body\"><div class=\"wp-block-group__inner-container is-layout-flow wp-block-group-is-layout-flow\">\n<h2 class=\"card-title h5 wp-block-heading\">Organiser votre cours<\/h2>\n\n\n\n<p class=\"card-text\">Voici quelques tactiques que vous pouvez adopter:<\/p>\n\n\n\n<ul class=\"wp-block-list\"><li><a href=\"https:\/\/yorku.ca\/bold\/planifier-le-contenu\/?lang=fr\">Planifier le contenu<\/a><\/li><li><a href=\"https:\/\/yorku.ca\/bold\/organiser-le-contenu\/?lang=fr\">Organiser le contenu<\/a><\/li><li><a href=\"https:\/\/yorku.ca\/bold\/communiquer-avec-les-etudiantes\/?lang=fr\">Communiquer avec les \u00e9tudiant.e.s<\/a><\/li><\/ul>\n<\/div><\/div>\n<\/div>\n\n\n\n<div class=\"wp-block-column card rounded-0 bg-white is-layout-flow wp-block-column-is-layout-flow\">\n<figure class=\"wp-block-image size-large\"><img loading=\"lazy\" decoding=\"async\" width=\"900\" height=\"600\" src=\"https:\/\/www.yorku.ca\/bold\/wp-content\/uploads\/sites\/393\/2021\/03\/Artboard-1.png\" alt=\"An image featuring a web page and a video play button below it\" class=\"wp-image-4124\" srcset=\"https:\/\/www.yorku.ca\/bold\/wp-content\/uploads\/sites\/393\/2021\/03\/Artboard-1.png 900w, https:\/\/www.yorku.ca\/bold\/wp-content\/uploads\/sites\/393\/2021\/03\/Artboard-1-300x200.png 300w\" sizes=\"auto, (max-width: 900px) 100vw, 900px\" \/><\/figure>\n\n\n\n<div class=\"wp-block-group card-body\"><div class=\"wp-block-group__inner-container is-layout-flow wp-block-group-is-layout-flow\">\n<h2 class=\"card-title h5 wp-block-heading\">Cr\u00e9er et partager des contenus de cours<\/h2>\n\n\n\n<p>Voici quelques tactiques que vous pouvez adopter:<\/p>\n\n\n\n<ul class=\"wp-block-list\"><li><a href=\"https:\/\/yorku.ca\/bold\/donner-un-cours-en-presentiel\/?lang=fr\">Donner un cours en pr\u00e9sentiel<\/a><\/li><li><a href=\"https:\/\/yorku.ca\/bold\/enregistrer-une-video-de-presentation\/?lang=fr\">Enregistrer une vid\u00e9o de pr\u00e9sentation<\/a><\/li><li><a href=\"https:\/\/yorku.ca\/bold\/utiliser-le-contenu-existant\/?lang=fr\">Exploiter les ressources existantes<\/a><\/li><\/ul>\n<\/div><\/div>\n<\/div>\n\n\n\n<div class=\"wp-block-column card rounded-0 bg-white is-layout-flow wp-block-column-is-layout-flow\">\n<figure class=\"wp-block-image size-large\"><img loading=\"lazy\" decoding=\"async\" width=\"1002\" height=\"912\" src=\"https:\/\/www.yorku.ca\/bold\/wp-content\/uploads\/sites\/393\/2020\/04\/Screen-Shot-2020-04-01-at-9.46.03-AM.png\" alt=\"Image of a screen looking at analytics\" class=\"wp-image-3943\" srcset=\"https:\/\/www.yorku.ca\/bold\/wp-content\/uploads\/sites\/393\/2020\/04\/Screen-Shot-2020-04-01-at-9.46.03-AM.png 1002w, https:\/\/www.yorku.ca\/bold\/wp-content\/uploads\/sites\/393\/2020\/04\/Screen-Shot-2020-04-01-at-9.46.03-AM-300x273.png 300w\" sizes=\"auto, (max-width: 1002px) 100vw, 1002px\" \/><\/figure>\n\n\n\n<div class=\"wp-block-group card-body\"><div class=\"wp-block-group__inner-container is-layout-flow wp-block-group-is-layout-flow\">\n<h2 class=\"card-title h5 wp-block-heading\">Collaborer avec les \u00e9tudiant.e.s<\/h2>\n\n\n\n<p class=\"card-text\">Voici quelques tactiques que vous pouvez adopter:<\/p>\n\n\n\n<ul class=\"wp-block-list\"><li><a href=\"https:\/\/yorku.ca\/bold\/interagir-avec-les-etudiantes\/?lang=fr\">Interagir avec les \u00e9tudiant.e.s<\/a><\/li><li><a href=\"https:\/\/yorku.ca\/bold\/encourager-linteraction-entre-etudiantes\/?lang=fr\">Encourager l'interaction entre \u00e9tudiant.e.s<\/a><\/li><li><a href=\"https:\/\/yorku.ca\/bold\/impliquer-les-etudiantes-dans-le-contenu\/?lang=fr\">Impliquer les \u00e9tudiant.e.s dans le contenu<\/a><\/li><\/ul>\n<\/div><\/div>\n<\/div>\n<\/div>\n\n\n\n<div class=\"wp-block-columns card-deck aspect-ratio is-layout-flex wp-container-core-columns-is-layout-9d6595d7 wp-block-columns-is-layout-flex\">\n<div class=\"wp-block-column card rounded-0 bg-white is-layout-flow wp-block-column-is-layout-flow\">\n<figure class=\"wp-block-image size-large\"><img loading=\"lazy\" decoding=\"async\" width=\"900\" height=\"600\" src=\"https:\/\/www.yorku.ca\/bold\/wp-content\/uploads\/sites\/393\/2021\/03\/Artboard-1-copy-3.png\" alt=\"\" class=\"wp-image-4130\" srcset=\"https:\/\/www.yorku.ca\/bold\/wp-content\/uploads\/sites\/393\/2021\/03\/Artboard-1-copy-3.png 900w, https:\/\/www.yorku.ca\/bold\/wp-content\/uploads\/sites\/393\/2021\/03\/Artboard-1-copy-3-300x200.png 300w\" sizes=\"auto, (max-width: 900px) 100vw, 900px\" \/><\/figure>\n\n\n\n<div class=\"wp-block-group card-body\"><div class=\"wp-block-group__inner-container is-layout-flow wp-block-group-is-layout-flow\">\n<h2 class=\"card-title h5 wp-block-heading\">\u00c9valuer et fournir des commentaires<\/h2>\n\n\n\n<p class=\"card-text\">Voici quelques tactiques que vous pouvez adopter:<\/p>\n\n\n\n<ul class=\"wp-block-list\"><li><a href=\"https:\/\/yorku.ca\/bold\/creer-des-activites-devaluation-en-ligne\/?lang=fr\">Cr\u00e9er des travaux \u00e0 faire, \u00e0 remettre et \u00e0 \u00e9valuer en ligne<\/a><\/li><li><a href=\"https:\/\/yorku.ca\/bold\/evaluer-et-fournir-des-retroactions-en-ligne\/?lang=fr\">\u00c9valuer et fournir des r\u00e9troactions en ligne<\/a><\/li><li><a href=\"https:\/\/yorku.ca\/bold\/creer-des-tests-et-des-examens-en-ligne\/?lang=fr\">Cr\u00e9er des tests et des examens en ligne<\/a><\/li><\/ul>\n<\/div><\/div>\n<\/div>\n\n\n\n<div class=\"wp-block-column card rounded-0 bg-white is-layout-flow wp-block-column-is-layout-flow\">\n<figure class=\"wp-block-image size-large\"><img loading=\"lazy\" decoding=\"async\" width=\"900\" height=\"600\" src=\"https:\/\/www.yorku.ca\/bold\/wp-content\/uploads\/sites\/393\/2020\/04\/Artboard-1-copy.png\" alt=\"\" class=\"wp-image-3977\" srcset=\"https:\/\/www.yorku.ca\/bold\/wp-content\/uploads\/sites\/393\/2020\/04\/Artboard-1-copy.png 900w, https:\/\/www.yorku.ca\/bold\/wp-content\/uploads\/sites\/393\/2020\/04\/Artboard-1-copy-300x200.png 300w\" sizes=\"auto, (max-width: 900px) 100vw, 900px\" \/><\/figure>\n\n\n\n<div class=\"wp-block-group card-body\"><div class=\"wp-block-group__inner-container is-layout-flow wp-block-group-is-layout-flow\">\n<h2 class=\"card-title h5 wp-block-heading\">Promouvoir l'int\u00e9grit\u00e9 acad\u00e9mique<\/h2>\n\n\n\n<p>Voici quelques tactiques que vous pouvez adopter:<\/p>\n\n\n\n<ul class=\"wp-block-list\"><li><a href=\"https:\/\/yorku.ca\/bold\/promouvoir-lintegrite-academique\/?lang=fr\">Pr\u00e9venir et d\u00e9tecter les violations des r\u00e8gles acad\u00e9miques<\/a><\/li><\/ul>\n<\/div><\/div>\n<\/div>\n\n\n\n<div class=\"wp-block-column card rounded-0 bg-white is-layout-flow wp-block-column-is-layout-flow\">\n<figure class=\"wp-block-image size-large\"><img loading=\"lazy\" decoding=\"async\" width=\"900\" height=\"600\" src=\"https:\/\/www.yorku.ca\/bold\/wp-content\/uploads\/sites\/393\/2020\/04\/support.png\" alt=\"\" class=\"wp-image-3999\" srcset=\"https:\/\/www.yorku.ca\/bold\/wp-content\/uploads\/sites\/393\/2020\/04\/support.png 900w, https:\/\/www.yorku.ca\/bold\/wp-content\/uploads\/sites\/393\/2020\/04\/support-300x200.png 300w\" sizes=\"auto, (max-width: 900px) 100vw, 900px\" \/><\/figure>\n\n\n\n<div class=\"wp-block-group card-body\"><div class=\"wp-block-group__inner-container is-layout-flow wp-block-group-is-layout-flow\">\n<h2 class=\"card-title h5 wp-block-heading\">O\u00f9 obtenir de l'aide<\/h2>\n\n\n\n<p class=\"card-text\">Voici quelques tactiques que vous pouvez adopter:<\/p>\n\n\n\n<ul class=\"wp-block-list\"><li><a href=\"https:\/\/yorku.ca\/bold\/soutien-pedagogique-technique-et-professionnel-a-york\/?lang=fr\">Soutien p\u00e9dagogique, technique et professionnel \u00e0 York<\/a><\/li><li><a href=\"https:\/\/yorku.ca\/bold\/ressources-de-la-bibliotheque-integrite-academique-et-droits-dauteur\/?lang=fr\">Ressources de la biblioth\u00e8que, int\u00e9grit\u00e9 acad\u00e9mique et droits d'auteur<\/a><\/li><li><a href=\"https:\/\/yorku.ca\/bold\/soutien-aux-etudiantes\/?lang=fr\">Soutien aux \u00e9tudiant.e.s<\/a><\/li><\/ul>\n<\/div><\/div>\n\n\n\n<p><\/p>\n<\/div>\n<\/div>\n\n\n\n<div class=\"wp-block-columns card-deck aspect-ratio is-layout-flex wp-container-core-columns-is-layout-9d6595d7 wp-block-columns-is-layout-flex\">\n<div class=\"wp-block-column card rounded-0 bg-white is-layout-flow wp-block-column-is-layout-flow\">\n<figure class=\"wp-block-image size-large\"><img loading=\"lazy\" decoding=\"async\" width=\"900\" height=\"600\" src=\"https:\/\/www.yorku.ca\/bold\/wp-content\/uploads\/sites\/393\/2020\/04\/Artboard-1-copy-5-1.png\" alt=\"\" class=\"wp-image-3983\" srcset=\"https:\/\/www.yorku.ca\/bold\/wp-content\/uploads\/sites\/393\/2020\/04\/Artboard-1-copy-5-1.png 900w, https:\/\/www.yorku.ca\/bold\/wp-content\/uploads\/sites\/393\/2020\/04\/Artboard-1-copy-5-1-300x200.png 300w\" sizes=\"auto, (max-width: 900px) 100vw, 900px\" \/><\/figure>\n\n\n\n<div class=\"wp-block-group card-body\"><div class=\"wp-block-group__inner-container is-layout-flow wp-block-group-is-layout-flow\">\n<h2 class=\"card-title h5 wp-block-heading\">Rendre votre cours accessible<\/h2>\n\n\n\n<p class=\"card-text\">Voici quelques tactiques que vous pouvez adopter:<\/p>\n\n\n\n<ul class=\"wp-block-list\"><li><a href=\"https:\/\/yorku.ca\/bold\/passer-par-des-voies-multiples-pour-transmettre-les-contenus\/?lang=fr\">Passer par des voies multiples pour transmettre les contenus<\/a><\/li><li><a href=\"https:\/\/yorku.ca\/bold\/offrir-differentes-options-aux-etudiantes-pour-completer-leur-travail\/?lang=fr\">Offrir diff\u00e9rentes options aux \u00e9tudiant.e.s pour compl\u00e9ter leur travail<\/a><\/li><li><a href=\"https:\/\/yorku.ca\/bold\/reconnaitre-les-limites-de-la-technologie\/?lang=fr\">Reconna\u00eetre les limites de la technologie<\/a><\/li><\/ul>\n<\/div><\/div>\n<\/div>\n\n\n\n<div class=\"wp-block-column card rounded-0 bg-white is-layout-flow wp-block-column-is-layout-flow\">\n<figure class=\"wp-block-image size-large\"><img loading=\"lazy\" decoding=\"async\" width=\"900\" height=\"600\" src=\"https:\/\/www.yorku.ca\/bold\/wp-content\/uploads\/sites\/393\/2020\/04\/support-teaching-team.png\" alt=\"\" class=\"wp-image-3985\" srcset=\"https:\/\/www.yorku.ca\/bold\/wp-content\/uploads\/sites\/393\/2020\/04\/support-teaching-team.png 900w, https:\/\/www.yorku.ca\/bold\/wp-content\/uploads\/sites\/393\/2020\/04\/support-teaching-team-300x200.png 300w\" sizes=\"auto, (max-width: 900px) 100vw, 900px\" \/><\/figure>\n\n\n\n<div class=\"wp-block-group card-body\"><div class=\"wp-block-group__inner-container is-layout-flow wp-block-group-is-layout-flow\">\n<h2 class=\"card-title h5 wp-block-heading\">Soutenir votre \u00e9quipe p\u00e9dagogique<\/h2>\n\n\n\n<p>Voici quelques tactiques que vous pouvez adopter:<\/p>\n\n\n\n<ul class=\"wp-block-list\"><li><a href=\"https:\/\/yorku.ca\/bold\/soutien-aux-assistantes\/?lang=fr\">Soutien aux assistant.e.s<\/a><\/li><li><a href=\"https:\/\/yorku.ca\/bold\/tenir-compte-des-taches-denseignement-et-de-la-charge-de-travail\/?lang=fr\">Tenir compte des t\u00e2ches d'enseignement et de la charge de travail<\/a><\/li><li><a href=\"https:\/\/yorku.ca\/bold\/strategies-de-communication\/?lang=fr\">Strat\u00e9gies de communication<\/a><\/li><\/ul>\n<\/div><\/div>\n<\/div>\n\n\n\n<div class=\"wp-block-column card rounded-0 bg-white is-layout-flow wp-block-column-is-layout-flow\">\n<figure class=\"wp-block-image size-large\"><img loading=\"lazy\" decoding=\"async\" width=\"1024\" height=\"683\" src=\"https:\/\/www.yorku.ca\/bold\/wp-content\/uploads\/sites\/393\/2020\/04\/3.2-1-1024x683.png\" alt=\"Copyright and Intellectual Property\" class=\"wp-image-4003\" srcset=\"https:\/\/www.yorku.ca\/bold\/wp-content\/uploads\/sites\/393\/2020\/04\/3.2-1-1024x683.png 1024w, https:\/\/www.yorku.ca\/bold\/wp-content\/uploads\/sites\/393\/2020\/04\/3.2-1-300x200.png 300w, https:\/\/www.yorku.ca\/bold\/wp-content\/uploads\/sites\/393\/2020\/04\/3.2-1-1536x1024.png 1536w, https:\/\/www.yorku.ca\/bold\/wp-content\/uploads\/sites\/393\/2020\/04\/3.2-1-2048x1365.png 2048w\" sizes=\"auto, (max-width: 1024px) 100vw, 1024px\" \/><\/figure>\n\n\n\n<div class=\"wp-block-group card-body\"><div class=\"wp-block-group__inner-container is-layout-flow wp-block-group-is-layout-flow\">\n<h2 class=\"card-title h5 wp-block-heading\">Droits d'auteur et propri\u00e9t\u00e9 intellectuelle<\/h2>\n\n\n\n<p class=\"card-text\">Voici quelques tactiques que vous pouvez adopter:<\/p>\n\n\n\n<ul class=\"wp-block-list\"><li><a href=\"https:\/\/yorku.ca\/bold\/proteger-votre-propriete-intellectuelle\/?lang=fr\">Prot\u00e9ger la propri\u00e9t\u00e9 intellectuelle<\/a><\/li><li><a href=\"https:\/\/yorku.ca\/bold\/partager-le-contenu-et-le-materiel-des-cours\/?lang=fr\">Partager le contenu et le mat\u00e9riel des cours<\/a><\/li><li><a href=\"https:\/\/yorku.ca\/bold\/utiliser-le-contenu-existant\/?lang=fr\">Exploiter les ressources existantes<\/a><\/li><\/ul>\n<\/div><\/div>\n<\/div>\n<\/div>\n\n\n\n<p class=\"has-text-align-center\">\u00a9&nbsp;Apprentissage hybride et en ligne (BOLD), <em>Teaching Comm \u00a9&nbsp;Apprentissage hybride et en ligne (BOLD), <em>Teaching Commons &amp; Learning Technology Services<\/em>, Universit\u00e9 York.&nbsp;Sauf conte-indication, tout le&nbsp;contenu du Going remote - site de l'Universit\u00e9 York est distribu\u00e9 sous licence <a rel=\"noreferrer noopener\" href=\"https:\/\/creativecommons.org\/licenses\/by-nc\/4.0\/\" target=\"_blank\">C<\/a><a rel=\"noreferrer noopener\" href=\"https:\/\/creativecommons.org\/licenses\/by-nc\/4.0\/deed.fr\" target=\"_blank\">reative Commons Attribution-NonCommerical 4.0 International&nbsp;license<\/a>. Si vous r\u00e9utilisez ce travail, veuillez l'attribuer \u00e0 <em>BOLD, Universit\u00e9 York <\/em>et inclure un lien vers&nbsp;<a href=\"https:\/\/www.yorku.ca\/bold\/?lang=fr\">https:\/\/www.yorku.ca\/bold\/?lang=fr<\/a><\/em><\/p>\n\n\n\n<p class=\"has-text-align-center\">Ic\u00f4nes r\u00e9alis\u00e9es par Font Awesome<br>Adaptation du site en fran\u00e7ais par Henriette Gezundhajt<\/p>\n","protected":false},"excerpt":{"rendered":"<p>Par\u00e9s pour l\u2019nseignement \u00e0 distance La COVID-19 a cr\u00e9\u00e9 la n\u00e9cessit\u00e9 d'un passage rapide \u00e0 l'apprentissage \u00e0 distance, et bien que ce type de prestation soit nouveau pour beaucoup de gens et s\u2019accompagne de nouveaux d\u00e9fis, n'oubliez pas que c\u2019est vous qui contr\u00f4lez le processus. Ce site a \u00e9t\u00e9 con\u00e7u pour fournir une aide p\u00e9dagogique [&hellip;]<\/p>\n","protected":false},"author":800,"featured_media":0,"parent":0,"menu_order":0,"comment_status":"closed","ping_status":"closed","template":"","meta":{"_kad_blocks_custom_css":"","_kad_blocks_head_custom_js":"","_kad_blocks_body_custom_js":"","_kad_blocks_footer_custom_js":"","footnotes":""},"tags":[],"class_list":["post-4257","page","type-page","status-publish","hentry"],"taxonomy_info":[],"featured_image_src_large":false,"author_info":{"display_name":"gezundha","author_link":"https:\/\/www.yorku.ca\/bold\/author\/gezundha\/"},"comment_info":"","_links":{"self":[{"href":"https:\/\/www.yorku.ca\/bold\/wp-json\/wp\/v2\/pages\/4257","targetHints":{"allow":["GET"]}}],"collection":[{"href":"https:\/\/www.yorku.ca\/bold\/wp-json\/wp\/v2\/pages"}],"about":[{"href":"https:\/\/www.yorku.ca\/bold\/wp-json\/wp\/v2\/types\/page"}],"author":[{"embeddable":true,"href":"https:\/\/www.yorku.ca\/bold\/wp-json\/wp\/v2\/users\/800"}],"replies":[{"embeddable":true,"href":"https:\/\/www.yorku.ca\/bold\/wp-json\/wp\/v2\/comments?post=4257"}],"version-history":[{"count":34,"href":"https:\/\/www.yorku.ca\/bold\/wp-json\/wp\/v2\/pages\/4257\/revisions"}],"predecessor-version":[{"id":5408,"href":"https:\/\/www.yorku.ca\/bold\/wp-json\/wp\/v2\/pages\/4257\/revisions\/5408"}],"wp:attachment":[{"href":"https:\/\/www.yorku.ca\/bold\/wp-json\/wp\/v2\/media?parent=4257"}],"wp:term":[{"taxonomy":"post_tag","embeddable":true,"href":"https:\/\/www.yorku.ca\/bold\/wp-json\/wp\/v2\/tags?post=4257"}],"curies":[{"name":"wp","href":"https:\/\/api.w.org\/{rel}","templated":true}]}}