{"id":4262,"date":"2020-08-31T19:11:14","date_gmt":"2020-08-31T23:11:14","guid":{"rendered":"https:\/\/www.yorku.ca\/bolddev\/encourager-linteraction-entre-etudiantes\/"},"modified":"2021-10-24T12:29:41","modified_gmt":"2021-10-24T16:29:41","slug":"encourager-linteraction-entre-etudiantes","status":"publish","type":"page","link":"https:\/\/www.yorku.ca\/bold\/encourager-linteraction-entre-etudiantes\/?lang=fr","title":{"rendered":"Encourager l'interaction entre \u00e9tudiant.e.s"},"content":{"rendered":"<form role=\"search\" method=\"get\" action=\"https:\/\/www.yorku.ca\/bold\/\" class=\"wp-block-search__button-outside wp-block-search__text-button wp-block-search\"    ><label class=\"wp-block-search__label\" for=\"wp-block-search__input-1\" >Search<\/label><div class=\"wp-block-search__inside-wrapper\" ><input class=\"wp-block-search__input\" id=\"wp-block-search__input-1\" placeholder=\"\" value=\"\" type=\"search\" name=\"s\" required \/><button aria-label=\"Search\" class=\"wp-block-search__button wp-element-button\" type=\"submit\" >Search<\/button><\/div><input type='hidden' name='lang' value='en' \/><\/form>\n\n\n<div style=\"height:20px\" aria-hidden=\"true\" class=\"wp-block-spacer\"><\/div>\n\n\n\n<div class=\"wp-block-columns is-layout-flex wp-container-core-columns-is-layout-9d6595d7 wp-block-columns-is-layout-flex\">\n<div class=\"wp-block-column is-layout-flow wp-block-column-is-layout-flow\">\n<p>L'interaction entre les \u00e9tudiant.e.s est essentielle pour une communaut\u00e9 d'apprentissage en ligne, car les cours \u00e0 distance peuvent provoquer un sentiment d\u2019isolement et de solitude chez certains apprenants. Voici quelques tactiques qui peuvent vous aider \u00e0 rem\u00e9dier \u00e0 cette situation:<\/p>\n\n\n\n<ul class=\"wp-block-list\"><li><a href=\"#recommendation-1\">Demander aux \u00e9tudiant.e.s de se pr\u00e9senter<\/a><\/li><li><a href=\"#recommendation-2\">Former des groupes<\/a><\/li><li><a href=\"#recommendation-3\">Proposer des activit\u00e9s ou des espaces de collaboration<\/a><\/li><\/ul>\n<\/div>\n\n\n\n<div class=\"wp-block-column is-layout-flow wp-block-column-is-layout-flow\">\n<figure class=\"wp-block-image size-large\"><img loading=\"lazy\" decoding=\"async\" width=\"1002\" height=\"912\" src=\"https:\/\/www.yorku.ca\/bold\/wp-content\/uploads\/sites\/393\/2021\/03\/Screen-Shot-2020-04-01-at-9.46.03-AM.png\" alt=\"\" class=\"wp-image-4087\" srcset=\"https:\/\/www.yorku.ca\/bold\/wp-content\/uploads\/sites\/393\/2021\/03\/Screen-Shot-2020-04-01-at-9.46.03-AM.png 1002w, https:\/\/www.yorku.ca\/bold\/wp-content\/uploads\/sites\/393\/2021\/03\/Screen-Shot-2020-04-01-at-9.46.03-AM-300x273.png 300w\" sizes=\"auto, (max-width: 1002px) 100vw, 1002px\" \/><\/figure>\n<\/div>\n<\/div>\n\n\n\n<h1 class=\"has-text-color wp-block-heading\" id=\"recommendation-1\" style=\"color:#004a8d\"><br>1. Demander aux \u00e9tudiant.e.s de se pr\u00e9senter<br><\/h1>\n\n\n\n<p><br>Laisser les \u00e9tudiant.e.s se pr\u00e9senter vous permet, ainsi qu'\u00e0 vos \u00e9tudiant.e.s, de faire connaissance, ce qui contribue \u00e0 renforcer le sentiment d'appartenance \u00e0 la communaut\u00e9. Ces pr\u00e9sentations peuvent se faire sous forme de texte ou de vid\u00e9o.<br><br><br><\/p>\n\n\n\n<div class=\"wp-block-columns is-layout-flex wp-container-core-columns-is-layout-9d6595d7 wp-block-columns-is-layout-flex\">\n<div class=\"wp-block-column is-layout-flow wp-block-column-is-layout-flow\" style=\"flex-basis:33.33%\">\n<h2 class=\"wp-block-heading\">Outils<\/h2>\n<\/div>\n\n\n\n<div class=\"wp-block-column is-layout-flow wp-block-column-is-layout-flow\" style=\"flex-basis:66.66%\">\n<ul class=\"wp-block-list\"><li>Forum de discussion eClass<\/li><li>T\u00e9l\u00e9phone intelligent (vid\u00e9o)<\/li><\/ul>\n<\/div>\n<\/div>\n\n\n\n<hr class=\"wp-block-separator\"\/>\n\n\n\n<div class=\"wp-block-columns is-layout-flex wp-container-core-columns-is-layout-9d6595d7 wp-block-columns-is-layout-flex\">\n<div class=\"wp-block-column is-layout-flow wp-block-column-is-layout-flow\" style=\"flex-basis:33.33%\">\n<h2 class=\"wp-block-heading\">Ressources<\/h2>\n<\/div>\n\n\n\n<div class=\"wp-block-column is-layout-flow wp-block-column-is-layout-flow\" style=\"flex-basis:66.66%\">\n<ul class=\"wp-block-list\"><li><u><a href=\"https:\/\/www.glendon.yorku.ca\/outils-technologiques\/ajout-dun-forum-de-discussion-a-votre-cours\/\" target=\"_blank\" rel=\"noreferrer noopener\">Utilisation des forums de discussion eClass<\/a><\/u><\/li><\/ul>\n<\/div>\n<\/div>\n\n\n\n<hr class=\"wp-block-separator\"\/>\n\n\n\n<div class=\"wp-block-columns is-layout-flex wp-container-core-columns-is-layout-9d6595d7 wp-block-columns-is-layout-flex\">\n<div class=\"wp-block-column is-layout-flow wp-block-column-is-layout-flow\" style=\"flex-basis:33.33%\">\n<h2 class=\"wp-block-heading\">Strat\u00e9gies gagnantes<\/h2>\n<\/div>\n\n\n\n<div class=\"wp-block-column is-layout-flow wp-block-column-is-layout-flow\" style=\"flex-basis:66.66%\">\n<ul class=\"wp-block-list\"><li>Mettez en place un forum de discussion r\u00e9serv\u00e9 explicitement aux pr\u00e9sentations; incluez-y des invites de questions telles que: Qui \u00eates-vous? D'o\u00f9 venez-vous? Quel est votre passe-temps favori?<\/li><\/ul>\n<\/div>\n<\/div>\n\n\n\n<hr class=\"wp-block-separator\"\/>\n\n\n\n<h1 class=\"has-text-color wp-block-heading\" id=\"recommendation-2\" style=\"color:#000000\"><br>2. Former des groupes<br><\/h1>\n\n\n\n<p><br>Former des groupes augmente le temps et l'espace disponibles pour que chaque apprenant partage ses id\u00e9es.<br><br><br><\/p>\n\n\n\n<div class=\"wp-block-columns is-layout-flex wp-container-core-columns-is-layout-9d6595d7 wp-block-columns-is-layout-flex\">\n<div class=\"wp-block-column is-layout-flow wp-block-column-is-layout-flow\" style=\"flex-basis:33.33%\">\n<h2 class=\"wp-block-heading\">Outils<\/h2>\n<\/div>\n\n\n\n<div class=\"wp-block-column is-layout-flow wp-block-column-is-layout-flow\" style=\"flex-basis:66.66%\">\n<ul class=\"wp-block-list\"><li>Groupes eClass<\/li><\/ul>\n\n\n\n<p><\/p>\n<\/div>\n<\/div>\n\n\n\n<hr class=\"wp-block-separator\"\/>\n\n\n\n<div class=\"wp-block-columns is-layout-flex wp-container-core-columns-is-layout-9d6595d7 wp-block-columns-is-layout-flex\">\n<div class=\"wp-block-column is-layout-flow wp-block-column-is-layout-flow\" style=\"flex-basis:33.33%\">\n<h2 class=\"wp-block-heading\">Ressources<\/h2>\n<\/div>\n\n\n\n<div class=\"wp-block-column is-layout-flow wp-block-column-is-layout-flow\" style=\"flex-basis:66.66%\">\n<ul class=\"wp-block-list\"><li><a href=\"https:\/\/www.glendon.yorku.ca\/outils-technologiques\/creer-des-groupes\/\" target=\"_blank\" rel=\"noreferrer noopener\">Cr\u00e9er des groupes dans eClass<\/a><\/li><\/ul>\n<\/div>\n<\/div>\n\n\n\n<hr class=\"wp-block-separator\"\/>\n\n\n\n<div class=\"wp-block-columns is-layout-flex wp-container-core-columns-is-layout-9d6595d7 wp-block-columns-is-layout-flex\">\n<div class=\"wp-block-column is-layout-flow wp-block-column-is-layout-flow\" style=\"flex-basis:33.33%\">\n<h2 class=\"wp-block-heading\">Strat\u00e9gies gagnantes<\/h2>\n<\/div>\n\n\n\n<div class=\"wp-block-column is-layout-flow wp-block-column-is-layout-flow\" style=\"flex-basis:66.66%\">\n<p>Restez impliqu\u00e9 avec les groupes; surveillez-les et encadrez-les tout le long du cours<\/p>\n<\/div>\n<\/div>\n\n\n\n<hr class=\"wp-block-separator\"\/>\n\n\n\n<h1 class=\"has-text-color wp-block-heading\" id=\"recommendation-3\" style=\"color:#000000\"><br>3. Proposer des activit\u00e9s ou des espaces de collaboration<br><\/h1>\n\n\n\n<p><br>Les \u00e9tudiant.e.s qui souhaitent entrer en contact avec les autres auront besoin de votre aide et de vos conseils.&nbsp; M\u00eame si la collaboration et le travail en groupe ne font pas partie de votre cours, envisagez de proposer des activit\u00e9s ou des espaces suppl\u00e9mentaires pour que les \u00e9tudiant.e.s puissent se connecter les uns aux autres, afin d'explorer le contenu, de former des groupes d'\u00e9tude et de se soutenir mutuellement.<br><br><br><\/p>\n\n\n\n<div class=\"wp-block-columns is-layout-flex wp-container-core-columns-is-layout-9d6595d7 wp-block-columns-is-layout-flex\">\n<div class=\"wp-block-column is-layout-flow wp-block-column-is-layout-flow\" style=\"flex-basis:33.33%\">\n<h2 class=\"wp-block-heading\">Outils<\/h2>\n<\/div>\n\n\n\n<div class=\"wp-block-column is-layout-flow wp-block-column-is-layout-flow\" style=\"flex-basis:66.66%\">\n<ul class=\"wp-block-list\"><li>Groupes eClass<\/li><li>Forums de discussion eClass<\/li><li>Wikis eClass<\/li><li>Clavardage eClass<\/li><li>Zoom<\/li><li>Microsoft Teams<\/li><\/ul>\n<\/div>\n<\/div>\n\n\n\n<hr class=\"wp-block-separator\"\/>\n\n\n\n<div class=\"wp-block-columns is-layout-flex wp-container-core-columns-is-layout-9d6595d7 wp-block-columns-is-layout-flex\">\n<div class=\"wp-block-column is-layout-flow wp-block-column-is-layout-flow\" style=\"flex-basis:33.33%\">\n<h2 class=\"wp-block-heading\">Ressources<\/h2>\n<\/div>\n\n\n\n<div class=\"wp-block-column is-layout-flow wp-block-column-is-layout-flow\" style=\"flex-basis:66.66%\">\n<ul class=\"wp-block-list\"><li><a rel=\"noreferrer noopener\" href=\"https:\/\/www.glendon.yorku.ca\/outils-technologiques\/creer-des-groupes\/\" target=\"_blank\">Groupes eClass<\/a><\/li><li><a rel=\"noreferrer noopener\" href=\"https:\/\/www.glendon.yorku.ca\/outils-technologiques\/ajout-dun-forum-de-discussion-a-votre-cours\/\" target=\"_blank\">Forums de discussion eClass<\/a><\/li><li><a href=\"https:\/\/docs.moodle.org\/3x\/fr\/Wiki\" target=\"_blank\" rel=\"noreferrer noopener\">Wikis eClass<\/a><\/li><li><a rel=\"noreferrer noopener\" href=\"https:\/\/www.glendon.yorku.ca\/outils-technologiques\/utiliser-un-espace-de-clavardage\/\" target=\"_blank\">Chat eClass<\/a><\/li><li><a rel=\"noreferrer noopener\" href=\"https:\/\/www.glendon.yorku.ca\/its\/fr\/enseignement-a-distance\/#1591922419340-359c336b-fc5e\" target=\"_blank\">Ressource pour Zoom<\/a><\/li><li><a rel=\"noreferrer noopener\" href=\"https:\/\/support.zoom.us\/hc\/fr\/articles\/206476313-G%C3%A9rer-les-Salles-de-petits-groupes-de-discussion-vid%C3%A9o\" target=\"_blank\">Comment cr\u00e9er des salles auto-organis\u00e9es sur Zoom<\/a><\/li><li><a rel=\"noreferrer noopener\" href=\"https:\/\/www.glendon.yorku.ca\/its\/fr\/enseignement-a-distance\/#1591924117369-317718e2-be9b\" target=\"_blank\">Ressource pour Microsoft Teams<\/a><\/li><li><a rel=\"noreferrer noopener\" href=\"https:\/\/www.niagaracollege.ca\/cae\/eddev\/teaching-resources\/online-teaching\/develop\/group-work-online\/\" target=\"_blank\">Faciliter le travail de groupe en ligne<\/a><\/li><li><strong>Webinaire Teaching Commons: <\/strong><a rel=\"noreferrer noopener\" href=\"https:\/\/yorku.zoom.us\/rec\/play\/65YrI-moqzw3E9TBswSDA6d-W42_ffms1ndIq6UMzUfnByELNgemNboRYUT1XSSdYq_rpiG1_xyiVoY?startTime=1589389829000\" target=\"_blank\">maximiser l'engagement des \u00e9l\u00e8ves dans une salle de classe \u00e9loign\u00e9e <\/a>(professeur Cameron Graham)<\/li><\/ul>\n<\/div>\n<\/div>\n\n\n\n<hr class=\"wp-block-separator\"\/>\n\n\n\n<div class=\"wp-block-columns is-layout-flex wp-container-core-columns-is-layout-9d6595d7 wp-block-columns-is-layout-flex\">\n<div class=\"wp-block-column is-layout-flow wp-block-column-is-layout-flow\" style=\"flex-basis:33.33%\">\n<h2 class=\"wp-block-heading\">Strat\u00e9gies gagnantes<\/h2>\n<\/div>\n\n\n\n<div class=\"wp-block-column is-layout-flow wp-block-column-is-layout-flow\" style=\"flex-basis:66.66%\">\n<ul class=\"wp-block-list\"><li>Promouvoir tous les espaces que vous am\u00e9nagez dans votre cours pour le travail de groupe informel ou les groupes d'\u00e9tude<\/li><li>Fournir des instructions et des lignes directrices pour engager les \u00e9tudiant.e.s dans des activit\u00e9s ou des espaces collaboratifs en gardant \u00e0 l'esprit l'int\u00e9grit\u00e9 acad\u00e9mique. Veillez \u00e0 faire la diff\u00e9rence entre collaboration et collusion. Que peut-on faire en groupe pendant le cours, et quand un travail individuel est-il n\u00e9cessaire?<\/li><li>Proposez des invites pour orienter l'engagement des \u00e9tudiant.e.s, qu'il s'agisse de questions de discussion, de t\u00e2ches ou de ressources \u00e0 explorer ensemble.<\/li><\/ul>\n<\/div>\n<\/div>\n\n\n\n<hr class=\"wp-block-separator\"\/>\n\n\n\n<div class=\"wp-block-buttons is-layout-flex wp-block-buttons-is-layout-flex\">\n<div class=\"wp-block-button\"><a class=\"wp-block-button__link has-background\" href=\"https:\/\/www.yorku.ca\/bold\/?lang=fr\" style=\"background-color:#e31837\">Retour \u00e0 la page d'accueil<\/a><\/div>\n<\/div>\n\n\n\n<hr class=\"wp-block-separator\"\/>\n\n\n\n<div class=\"wp-block-image\"><figure class=\"aligncenter is-resized\"><a href=\"https:\/\/creativecommons.org\/licenses\/by-nc\/4.0\/deed.fr\" rel=\"license\"><img loading=\"lazy\" decoding=\"async\" src=\"https:\/\/www.yorku.ca\/bold\/wp-content\/uploads\/sites\/393\/2021\/03\/88x31.png\" alt=\"Creative Commons License\" width=\"149\" height=\"49\"\/><\/a><\/figure><\/div>\n\n\n\n<p class=\"has-text-align-center\"> \u00a9&nbsp;Apprentissage hybride et en ligne (BOLD), <em>Teaching Comm \u00a9&nbsp;Apprentissage hybride et en ligne (BOLD), <em>Teaching Commons &amp; Learning Technology Services<\/em>, Universit\u00e9 York.&nbsp;Sauf conte-indication, tout le&nbsp;contenu du Going remote - site de l'Universit\u00e9 York est distribu\u00e9 sous licence <a rel=\"noreferrer noopener\" href=\"https:\/\/creativecommons.org\/licenses\/by-nc\/4.0\/\" target=\"_blank\">C<\/a><a rel=\"noreferrer noopener\" href=\"https:\/\/creativecommons.org\/licenses\/by-nc\/4.0\/deed.fr\" target=\"_blank\">reative Commons Attribution-NonCommerical 4.0 International&nbsp;license<\/a>. Si vous r\u00e9utilisez ce travail, veuillez l'attribuer \u00e0 <em>BOLD, Universit\u00e9 York <\/em>et inclure un lien vers&nbsp;<a href=\"https:\/\/www.yorku.ca\/bold\/?lang=fr\">https:\/\/www.yorku.ca\/bold\/?lang=fr<\/a><\/em> <\/p>\n\n\n\n<p class=\"has-text-align-center\">Ic\u00f4nes r\u00e9alis\u00e9es par Font Awesome<br>Adaptation du site en fran\u00e7ais par Henriette Gezundhajt<\/p>\n","protected":false},"excerpt":{"rendered":"<p>L'interaction entre les \u00e9tudiant.e.s est essentielle pour une communaut\u00e9 d'apprentissage en ligne, car les cours \u00e0 distance peuvent provoquer un sentiment d\u2019isolement et de solitude chez certains apprenants. Voici quelques tactiques qui peuvent vous aider \u00e0 rem\u00e9dier \u00e0 cette situation: Demander aux \u00e9tudiant.e.s de se pr\u00e9senter Former des groupes Proposer des activit\u00e9s ou des espaces [&hellip;]<\/p>\n","protected":false},"author":1,"featured_media":4086,"parent":0,"menu_order":0,"comment_status":"closed","ping_status":"closed","template":"","meta":{"_kad_blocks_custom_css":"","_kad_blocks_head_custom_js":"","_kad_blocks_body_custom_js":"","_kad_blocks_footer_custom_js":"","footnotes":""},"tags":[],"class_list":["post-4262","page","type-page","status-publish","has-post-thumbnail","hentry"],"taxonomy_info":[],"featured_image_src_large":["https:\/\/www.yorku.ca\/bold\/wp-content\/uploads\/sites\/393\/2021\/03\/Screen-Shot-2020-04-01-at-9.46.03-AM.png",1002,912,false],"author_info":{"display_name":"rodp","author_link":"https:\/\/www.yorku.ca\/bold\/author\/rodp\/"},"comment_info":"","_links":{"self":[{"href":"https:\/\/www.yorku.ca\/bold\/wp-json\/wp\/v2\/pages\/4262","targetHints":{"allow":["GET"]}}],"collection":[{"href":"https:\/\/www.yorku.ca\/bold\/wp-json\/wp\/v2\/pages"}],"about":[{"href":"https:\/\/www.yorku.ca\/bold\/wp-json\/wp\/v2\/types\/page"}],"author":[{"embeddable":true,"href":"https:\/\/www.yorku.ca\/bold\/wp-json\/wp\/v2\/users\/1"}],"replies":[{"embeddable":true,"href":"https:\/\/www.yorku.ca\/bold\/wp-json\/wp\/v2\/comments?post=4262"}],"version-history":[{"count":9,"href":"https:\/\/www.yorku.ca\/bold\/wp-json\/wp\/v2\/pages\/4262\/revisions"}],"predecessor-version":[{"id":5389,"href":"https:\/\/www.yorku.ca\/bold\/wp-json\/wp\/v2\/pages\/4262\/revisions\/5389"}],"wp:featuredmedia":[{"embeddable":true,"href":"https:\/\/www.yorku.ca\/bold\/wp-json\/wp\/v2\/media\/4086"}],"wp:attachment":[{"href":"https:\/\/www.yorku.ca\/bold\/wp-json\/wp\/v2\/media?parent=4262"}],"wp:term":[{"taxonomy":"post_tag","embeddable":true,"href":"https:\/\/www.yorku.ca\/bold\/wp-json\/wp\/v2\/tags?post=4262"}],"curies":[{"name":"wp","href":"https:\/\/api.w.org\/{rel}","templated":true}]}}