{"id":12646,"date":"2022-07-06T12:35:37","date_gmt":"2022-07-06T16:35:37","guid":{"rendered":"https:\/\/www.yorku.ca\/convocation\/walkthrough\/"},"modified":"2025-06-07T10:29:35","modified_gmt":"2025-06-07T14:29:35","slug":"walkthrough","status":"publish","type":"page","link":"https:\/\/www.yorku.ca\/convocation\/walkthrough\/?lang=fr","title":{"rendered":"Informations relatives au passage sur la sc\u00e8ne"},"content":{"rendered":"\n<div style=\"height:10px\" aria-hidden=\"true\" class=\"wp-block-spacer\"><\/div>\n\n\n\n<p>Les dipl\u00f4m\u00e9\u00b7e\u00b7s qui souhaitent assister \u00e0 une future c\u00e9r\u00e9monie doivent remplir le <a href=\"https:\/\/uecr.apps01.yorku.ca\/newforms\/view.php?id=9\" target=\"_blank\" rel=\"noreferrer noopener\">formulaire de demande en ligne.<\/a> La demande sera conserv\u00e9e dans le dossier en attendant l\u2019approbation du Bureau de la remise des dipl\u00f4mes. Une fois l\u2019approbation accord\u00e9e par courriel, les dipl\u00f4m\u00e9\u00b7e\u00b7s seront invit\u00e9\u00b7e\u00b7s \u00e0 confirmer leur pr\u00e9sence en ligne. Veuillez noter que l\u2019approbation d\u00e9pend du nombre de places disponibles.&nbsp;<\/p>\n\n\n\n<p>Vous trouverez des informations sur la mani\u00e8re d\u2019obtenir des dipl\u00f4mes pour les personnes qui n\u2019ont pas assist\u00e9 \u00e0 leur propre c\u00e9r\u00e9monie sur la page <a href=\"https:\/\/registrar.yorku.ca\/graduation\/diplomas\" target=\"_blank\" rel=\"noreferrer noopener\">Diploma Services.<\/a>&nbsp;&nbsp;<\/p>\n\n\n\n<p>Les dipl\u00f4m\u00e9s et dipl\u00f4m\u00e9es <em>in abstentia<\/em> de f\u00e9vrier n\u2019ont pas besoin de demander un passage sur la sc\u00e8ne car ils et elles seront automatiquement invit\u00e9s \u00e0 la c\u00e9r\u00e9monie de remise des dipl\u00f4mes de juin.&nbsp;<\/p>\n\n\n\n<div style=\"height:342px\" aria-hidden=\"true\" class=\"wp-block-spacer\"><\/div>\n\n\n\n<hr class=\"wp-block-separator has-css-opacity\"\/>\n\n\n\n<div style=\"height:16px\" aria-hidden=\"true\" class=\"wp-block-spacer\"><\/div>\n\n\n\n<div class=\"wp-block-columns learnmore-block is-layout-flex wp-container-core-columns-is-layout-9d6595d7 wp-block-columns-is-layout-flex\">\n<div class=\"wp-block-column is-vertically-aligned-top is-layout-flow wp-block-column-is-layout-flow\" style=\"flex-basis:60%\"><div class=\"wp-block-image\">\n<figure class=\"alignleft size-large is-resized\"><img decoding=\"async\" src=\"https:\/\/www.yorku.ca\/wp-content\/plugins\/yu-blockpatterns\/img\/learnmore.png\" alt=\"\" class=\"wp-image-11892\" style=\"width:53px;height:76px\"\/><\/figure>\n<\/div>\n\n\n<h2 class=\"wp-block-heading\">Convocation Ceremonies<\/h2>\n\n\n\n<p id=\"fall-2022\">Learn more about the upcoming convocation ceremonies.<\/p>\n<\/div>\n\n\n\n<div class=\"wp-block-column is-vertically-aligned-center is-layout-flow wp-block-column-is-layout-flow\">\n<div class=\"wp-block-buttons is-horizontal is-content-justification-center is-layout-flex wp-container-core-buttons-is-layout-499968f5 wp-block-buttons-is-layout-flex\">\n<div class=\"wp-block-button\"><a class=\"wp-block-button__link wp-element-button\" href=\"https:\/\/www.yorku.ca\/convocation\/ceremonies\/?lang=fr\" target=\"_blank\" rel=\"noreferrer noopener\">Learn More<\/a><\/div>\n<\/div>\n<\/div>\n<\/div>\n\n\n\n<p><\/p>\n","protected":false},"excerpt":{"rendered":"<p>Les dipl\u00f4m\u00e9\u00b7e\u00b7s qui souhaitent assister \u00e0 une future c\u00e9r\u00e9monie doivent remplir le formulaire de demande en ligne. La demande sera conserv\u00e9e dans le dossier en attendant l\u2019approbation du Bureau de la remise des dipl\u00f4mes. Une fois l\u2019approbation accord\u00e9e par courriel, les dipl\u00f4m\u00e9\u00b7e\u00b7s seront invit\u00e9\u00b7e\u00b7s \u00e0 confirmer leur pr\u00e9sence en ligne. Veuillez noter que l\u2019approbation d\u00e9pend [&hellip;]<\/p>\n","protected":false},"author":307,"featured_media":0,"parent":0,"menu_order":0,"comment_status":"closed","ping_status":"closed","template":"","meta":{"_kad_blocks_custom_css":"","_kad_blocks_head_custom_js":"","_kad_blocks_body_custom_js":"","_kad_blocks_footer_custom_js":"","footnotes":""},"tags":[],"class_list":["post-12646","page","type-page","status-publish","hentry"],"taxonomy_info":[],"featured_image_src_large":false,"author_info":{"display_name":"lechris","author_link":"https:\/\/www.yorku.ca\/convocation\/author\/lechris\/"},"comment_info":"","_links":{"self":[{"href":"https:\/\/www.yorku.ca\/convocation\/wp-json\/wp\/v2\/pages\/12646","targetHints":{"allow":["GET"]}}],"collection":[{"href":"https:\/\/www.yorku.ca\/convocation\/wp-json\/wp\/v2\/pages"}],"about":[{"href":"https:\/\/www.yorku.ca\/convocation\/wp-json\/wp\/v2\/types\/page"}],"author":[{"embeddable":true,"href":"https:\/\/www.yorku.ca\/convocation\/wp-json\/wp\/v2\/users\/307"}],"replies":[{"embeddable":true,"href":"https:\/\/www.yorku.ca\/convocation\/wp-json\/wp\/v2\/comments?post=12646"}],"version-history":[{"count":2,"href":"https:\/\/www.yorku.ca\/convocation\/wp-json\/wp\/v2\/pages\/12646\/revisions"}],"predecessor-version":[{"id":12654,"href":"https:\/\/www.yorku.ca\/convocation\/wp-json\/wp\/v2\/pages\/12646\/revisions\/12654"}],"wp:attachment":[{"href":"https:\/\/www.yorku.ca\/convocation\/wp-json\/wp\/v2\/media?parent=12646"}],"wp:term":[{"taxonomy":"post_tag","embeddable":true,"href":"https:\/\/www.yorku.ca\/convocation\/wp-json\/wp\/v2\/tags?post=12646"}],"curies":[{"name":"wp","href":"https:\/\/api.w.org\/{rel}","templated":true}]}}