{"id":11072,"date":"2022-10-31T14:21:42","date_gmt":"2022-10-31T18:21:42","guid":{"rendered":"https:\/\/www.yorku.ca\/safety\/?page_id=11072"},"modified":"2023-07-04T15:22:37","modified_gmt":"2023-07-04T19:22:37","slug":"runhidedefendfr","status":"publish","type":"page","link":"https:\/\/www.yorku.ca\/safety\/runhidedefendfr\/","title":{"rendered":"Sauvez-vous, cachez-vous, d\u00e9fenez-vous"},"content":{"rendered":"\n<div class=\"wp-block-group\"><div class=\"wp-block-group__inner-container is-layout-flow wp-block-group-is-layout-flow\">\n<div class=\"wp-block-buttons is-content-justification-right is-layout-flex wp-block-buttons-is-layout-flex\">\n<div class=\"wp-block-button bg-primary-2 text-white rounded-0 learnmore-block p-2\"><a class=\"wp-block-button__link has-text-color has-background no-border-radius\" href=\"https:\/\/yorku.ca\/safety\/runhidedefend\" style=\"background-color:#810001;color:#ffffff\">English <i class=\"fas fa-chevron-right small pl-2\"><\/i><\/a><\/div>\n<\/div>\n<\/div><\/div>\n\n\n\n<p>Elle a \u00e9t\u00e9 con\u00e7ue \u00e0 des fins d\u2019\u00e9ducation et de pr\u00e9paration \u00e0 une situation potentielle d\u2019attaquant actif. Elle fait partie de l\u2019engagement soutenu de l\u2019Universit\u00e9 York en mati\u00e8re de s\u00e9curit\u00e9 sur les campus.<\/p>\n\n\n\n<p>Les attaques avec des armes \u00e0 feu ou \u00e0 l\u2019arme blanche sont tr\u00e8s rares au Canada, mais elles peuvent malheureusement se produire.<\/p>\n\n\n\n<p>Le Service de s\u00e9curit\u00e9 communautaire de York travaille en \u00e9troite collaboration avec la communaut\u00e9 de l\u2019Universit\u00e9 York pour assurer la s\u00e9curit\u00e9 de tous les campus de York. Le D\u00e9partement offre plusieurs ressources et du soutien en mati\u00e8re de s\u00e9curit\u00e9, et cette vid\u00e9o fait partie de notre programme d\u2019\u00e9ducation et de formation communautaire.<\/p>\n\n\n\n<p>Cette vid\u00e9o vous fournit des informations importantes pour vous aider \u00e0 faire face \u00e0 une situation d\u2019attaquant actif de trois fa\u00e7ons diff\u00e9rentes.&nbsp;<\/p>\n\n\n\n<p style=\"font-size:24px\"><strong>Attention <\/strong>: Le contenu de cette vid\u00e9o peut d\u00e9ranger certaines personnes dans l\u2019auditoire.<\/p>\n\n\n\n<p>Nous encourageons toute personne ayant besoin de soutien \u00e0 acc\u00e9der au large \u00e9ventail de services disponibles \u00e0 l'Universit\u00e9 de York, notamment :<\/p>\n\n\n\n<ul class=\"wp-block-list\"><li>Le bureau du Student Counselling, Health &amp; Well Being offre des services de conseils personnels \u00e0 tous les \u00e9tudiants de York. Vous pouvez le joindre en appelant le 416-736-5297 ou en consultant le site <a href=\"http:\/\/counselling.students.yorku.ca\/\">http:\/\/counselling.students.yorku.ca\/<\/a> pour obtenir de plus amples renseignements.<\/li><li>Pour le corps professoral et le personnel qui ont besoin de soutien, veuillez appeler le Programme d'aide aux employ\u00e9s et aux familles, sans frais, 24 heures sur 24, sept jours sur sept, pour obtenir une aide imm\u00e9diate et confidentielle, au 1-800-268-5211 ; le service ATS est disponible au 1-800-363-6270.<\/li><\/ul>\n\n\n\n<div class=\"wp-block-group grey-bg-block has-very-light-gray-background-color has-background\"><div class=\"wp-block-group__inner-container is-layout-flow wp-block-group-is-layout-flow\">\n<div class=\"wp-block-group\"><div class=\"wp-block-group__inner-container is-layout-flow wp-block-group-is-layout-flow\">\n<figure class=\"wp-block-embed is-type-video is-provider-youtube wp-block-embed-youtube wp-embed-aspect-16-9 wp-has-aspect-ratio\"><div class=\"wp-block-embed__wrapper\">\n<iframe loading=\"lazy\" title=\"Sauvez-vous, Cachez-vous, D\u00e9fendez-vous - Community Safety Department\" width=\"1778\" height=\"1000\" src=\"https:\/\/www.youtube.com\/embed\/n2e4_9uhA04?feature=oembed\" frameborder=\"0\" allow=\"accelerometer; autoplay; clipboard-write; encrypted-media; gyroscope; picture-in-picture; web-share\" allowfullscreen><\/iframe>\n<\/div><\/figure>\n<\/div><\/div>\n<\/div><\/div>\n\n\n\n<p><\/p>\n\n\n\n<div class=\"wp-block-columns is-layout-flex wp-container-core-columns-is-layout-9d6595d7 wp-block-columns-is-layout-flex\">\n<div class=\"wp-block-column is-layout-flow wp-block-column-is-layout-flow\" style=\"flex-basis:66.66%\">\n<h2 class=\"wp-block-heading\"><strong>SAUVEZ-VOUS<\/strong><\/h2>\n\n\n\n<ul class=\"wp-block-list\"><li>Si vous pouvez le faire sans danger, planifiez votre itin\u00e9raire et fuyez la menace aussi rapidement et silencieusement que possible.<\/li><li>Laissez vos affaires sur place.<\/li><li>Pr\u00e9venez les autres et aidez-les si possible.<\/li><li>Appelez le 911 une fois que vous serez en s\u00e9curit\u00e9.<\/li><\/ul>\n<\/div>\n\n\n\n<div class=\"wp-block-column is-layout-flow wp-block-column-is-layout-flow\" style=\"flex-basis:33.33%\">\n<figure class=\"wp-block-image size-large img-thumbnail rounded-0\"><img loading=\"lazy\" decoding=\"async\" width=\"1024\" height=\"576\" src=\"https:\/\/www.yorku.ca\/safety\/wp-content\/uploads\/sites\/78\/2022\/10\/Run-1024x576.jpg\" alt=\"\" class=\"wp-image-11068\" srcset=\"https:\/\/www.yorku.ca\/safety\/wp-content\/uploads\/sites\/78\/2022\/10\/Run-1024x576.jpg 1024w, https:\/\/www.yorku.ca\/safety\/wp-content\/uploads\/sites\/78\/2022\/10\/Run-300x169.jpg 300w, https:\/\/www.yorku.ca\/safety\/wp-content\/uploads\/sites\/78\/2022\/10\/Run-1536x864.jpg 1536w, https:\/\/www.yorku.ca\/safety\/wp-content\/uploads\/sites\/78\/2022\/10\/Run-2048x1152.jpg 2048w\" sizes=\"auto, (max-width: 1024px) 100vw, 1024px\" \/><\/figure>\n<\/div>\n<\/div>\n\n\n\n<div class=\"wp-block-columns is-layout-flex wp-container-core-columns-is-layout-9d6595d7 wp-block-columns-is-layout-flex\">\n<div class=\"wp-block-column is-layout-flow wp-block-column-is-layout-flow\" style=\"flex-basis:33.3%\">\n<figure class=\"wp-block-image size-large img-thumbnail rounded-0\"><img loading=\"lazy\" decoding=\"async\" width=\"1024\" height=\"576\" src=\"https:\/\/www.yorku.ca\/safety\/wp-content\/uploads\/sites\/78\/2022\/10\/Hide-1024x576.jpg\" alt=\"\" class=\"wp-image-11069\" srcset=\"https:\/\/www.yorku.ca\/safety\/wp-content\/uploads\/sites\/78\/2022\/10\/Hide-1024x576.jpg 1024w, https:\/\/www.yorku.ca\/safety\/wp-content\/uploads\/sites\/78\/2022\/10\/Hide-300x169.jpg 300w, https:\/\/www.yorku.ca\/safety\/wp-content\/uploads\/sites\/78\/2022\/10\/Hide-1536x864.jpg 1536w, https:\/\/www.yorku.ca\/safety\/wp-content\/uploads\/sites\/78\/2022\/10\/Hide-2048x1152.jpg 2048w\" sizes=\"auto, (max-width: 1024px) 100vw, 1024px\" \/><\/figure>\n<\/div>\n\n\n\n<div class=\"wp-block-column is-layout-flow wp-block-column-is-layout-flow\" style=\"flex-basis:66.6%\">\n<h2 class=\"wp-block-heading\"><strong>CACHEZ-VOUS<\/strong><\/h2>\n\n\n\n<ul class=\"wp-block-list\"><li>Trouvez un lieu s\u00fbr.<\/li><li>Verrouillez et barricadez la porte si possible.<\/li><li>\u00c9teignez les lumi\u00e8res.<\/li><li>Restez calme et coupez les sonneries de votre t\u00e9l\u00e9phone.<\/li><li>N\u2019ouvrez la porte \u00e0 personne.<\/li><\/ul>\n<\/div>\n<\/div>\n\n\n\n<div class=\"wp-block-columns is-layout-flex wp-container-core-columns-is-layout-9d6595d7 wp-block-columns-is-layout-flex\">\n<div class=\"wp-block-column is-layout-flow wp-block-column-is-layout-flow\" style=\"flex-basis:66.66%\">\n<h2 class=\"wp-block-heading\"><strong>D\u00c9FENDEZ-VOUS<\/strong><\/h2>\n\n\n\n<ul class=\"wp-block-list\"><li>Si vous \u00eates pris au pi\u00e8ge, agissez de la mani\u00e8re la plus agressive possible.<\/li><li>Essayez de surprendre et de neutraliser la personne arm\u00e9e.<\/li><li>Improvisez des armes qui pourraient distraire ou d\u00e9sarmer l\u2019attaquant.<\/li><li>Attaquez en groupe si possible.<\/li><\/ul>\n<\/div>\n\n\n\n<div class=\"wp-block-column is-layout-flow wp-block-column-is-layout-flow\" style=\"flex-basis:33.33%\">\n<figure class=\"wp-block-image size-large img-thumbnail rounded-0\"><img loading=\"lazy\" decoding=\"async\" width=\"1024\" height=\"576\" src=\"https:\/\/www.yorku.ca\/safety\/wp-content\/uploads\/sites\/78\/2022\/10\/Defend-1024x576.jpg\" alt=\"\" class=\"wp-image-11070\" srcset=\"https:\/\/www.yorku.ca\/safety\/wp-content\/uploads\/sites\/78\/2022\/10\/Defend-1024x576.jpg 1024w, https:\/\/www.yorku.ca\/safety\/wp-content\/uploads\/sites\/78\/2022\/10\/Defend-300x169.jpg 300w, https:\/\/www.yorku.ca\/safety\/wp-content\/uploads\/sites\/78\/2022\/10\/Defend-1536x864.jpg 1536w, https:\/\/www.yorku.ca\/safety\/wp-content\/uploads\/sites\/78\/2022\/10\/Defend-2048x1152.jpg 2048w\" sizes=\"auto, (max-width: 1024px) 100vw, 1024px\" \/><\/figure>\n<\/div>\n<\/div>\n\n\n\n<h2 class=\"wp-block-heading\">A quoi ressemble une r\u00e9ponse polici\u00e8re \u00e0 un attaquant actif&nbsp;?<\/h2>\n\n\n\n<p>Lorsque la police arrive, sa priorit\u00e9 est de localiser et d\u2019appr\u00e9hender la personne arm\u00e9e. Les armes des policiers seront d\u00e9gain\u00e9es. Ils ne s\u2019arr\u00eateront pas pour aider les bless\u00e9s. Il se peut que la police ne sache pas \u00e0 quoi ressemble l\u2019attaquant et aborde tout le monde avec beaucoup de m\u00e9fiance. Faites tout ce qu\u2019on vous dit de faire. Restez calme, ne faites pas de mouvements ou de gestes brusques qui pourraient \u00eatre per\u00e7us comme une menace. Gardez vos mains visibles \u00e0 tout moment pour que les policiers puissent voir que vous n\u2019avez pas d\u2019arme.<\/p>\n\n\n\n<h2 class=\"wp-block-heading\">Pour des informations suppl\u00e9mentaires et pour recevoir les plus courants mis \u00e0 jours&nbsp;:<\/h2>\n\n\n\n<p>T\u00e9l\u00e9chargez l'<a href=\"https:\/\/www.yorku.ca\/safety\/app\/\">Application York U Safety<\/a> ou contactez le D\u00e9partement de S\u00e9curit\u00e9 Communautaire \u00e0 safety@yorku.ca.<\/p>\n\n\n\n<div style=\"height:100px\" aria-hidden=\"true\" class=\"wp-block-spacer\"><\/div>\n\n\n\n<p><\/p>\n","protected":false},"excerpt":{"rendered":"<p>Elle a \u00e9t\u00e9 con\u00e7ue \u00e0 des fins d\u2019\u00e9ducation et de pr\u00e9paration \u00e0 une situation potentielle d\u2019attaquant actif. Elle fait partie de l\u2019engagement soutenu de l\u2019Universit\u00e9 York en mati\u00e8re de s\u00e9curit\u00e9 sur les campus. Les attaques avec des armes \u00e0 feu ou \u00e0 l\u2019arme blanche sont tr\u00e8s rares au Canada, mais elles peuvent malheureusement se produire. [&hellip;]<\/p>\n","protected":false},"author":99,"featured_media":0,"parent":0,"menu_order":0,"comment_status":"closed","ping_status":"closed","template":"","meta":{"_kad_blocks_custom_css":"","_kad_blocks_head_custom_js":"","_kad_blocks_body_custom_js":"","_kad_blocks_footer_custom_js":"","footnotes":""},"tags":[],"class_list":["post-11072","page","type-page","status-publish","hentry"],"yoast_head":"<!-- This site is optimized with the Yoast SEO plugin v27.4 - https:\/\/yoast.com\/product\/yoast-seo-wordpress\/ -->\n<title>Sauvez-vous, cachez-vous, d\u00e9fenez-vous - Community Safety<\/title>\n<meta name=\"robots\" content=\"index, follow, max-snippet:-1, max-image-preview:large, max-video-preview:-1\" \/>\n<link rel=\"canonical\" href=\"https:\/\/www.yorku.ca\/safety\/runhidedefendfr\/\" \/>\n<meta property=\"og:locale\" content=\"en_US\" \/>\n<meta property=\"og:type\" content=\"article\" \/>\n<meta property=\"og:title\" content=\"Sauvez-vous, cachez-vous, d\u00e9fenez-vous - Community Safety\" \/>\n<meta property=\"og:description\" content=\"Elle a \u00e9t\u00e9 con\u00e7ue \u00e0 des fins d\u2019\u00e9ducation et de pr\u00e9paration \u00e0 une situation potentielle d\u2019attaquant actif. Elle fait partie de l\u2019engagement soutenu de l\u2019Universit\u00e9 York en mati\u00e8re de s\u00e9curit\u00e9 sur les campus. Les attaques avec des armes \u00e0 feu ou \u00e0 l\u2019arme blanche sont tr\u00e8s rares au Canada, mais elles peuvent malheureusement se produire. [&hellip;]\" \/>\n<meta property=\"og:url\" content=\"https:\/\/www.yorku.ca\/safety\/runhidedefendfr\/\" \/>\n<meta property=\"og:site_name\" content=\"Community Safety\" \/>\n<meta property=\"article:modified_time\" content=\"2023-07-04T19:22:37+00:00\" \/>\n<meta property=\"og:image\" content=\"https:\/\/www.yorku.ca\/safety\/wp-content\/uploads\/sites\/78\/2022\/10\/Run-1024x576.jpg\" \/>\n<meta name=\"twitter:card\" content=\"summary_large_image\" \/>\n<meta name=\"twitter:label1\" content=\"Est. reading time\" \/>\n\t<meta name=\"twitter:data1\" content=\"3 minutes\" \/>\n<script type=\"application\/ld+json\" class=\"yoast-schema-graph\">{\"@context\":\"https:\\\/\\\/schema.org\",\"@graph\":[{\"@type\":\"WebPage\",\"@id\":\"https:\\\/\\\/www.yorku.ca\\\/safety\\\/runhidedefendfr\\\/\",\"url\":\"https:\\\/\\\/www.yorku.ca\\\/safety\\\/runhidedefendfr\\\/\",\"name\":\"Sauvez-vous, cachez-vous, d\u00e9fenez-vous - Community Safety\",\"isPartOf\":{\"@id\":\"https:\\\/\\\/www.yorku.ca\\\/safety\\\/#website\"},\"primaryImageOfPage\":{\"@id\":\"https:\\\/\\\/www.yorku.ca\\\/safety\\\/runhidedefendfr\\\/#primaryimage\"},\"image\":{\"@id\":\"https:\\\/\\\/www.yorku.ca\\\/safety\\\/runhidedefendfr\\\/#primaryimage\"},\"thumbnailUrl\":\"https:\\\/\\\/www.yorku.ca\\\/safety\\\/wp-content\\\/uploads\\\/sites\\\/78\\\/2022\\\/10\\\/Run-1024x576.jpg\",\"datePublished\":\"2022-10-31T18:21:42+00:00\",\"dateModified\":\"2023-07-04T19:22:37+00:00\",\"breadcrumb\":{\"@id\":\"https:\\\/\\\/www.yorku.ca\\\/safety\\\/runhidedefendfr\\\/#breadcrumb\"},\"inLanguage\":\"en-CA\",\"potentialAction\":[{\"@type\":\"ReadAction\",\"target\":[\"https:\\\/\\\/www.yorku.ca\\\/safety\\\/runhidedefendfr\\\/\"]}]},{\"@type\":\"ImageObject\",\"inLanguage\":\"en-CA\",\"@id\":\"https:\\\/\\\/www.yorku.ca\\\/safety\\\/runhidedefendfr\\\/#primaryimage\",\"url\":\"https:\\\/\\\/www.yorku.ca\\\/safety\\\/wp-content\\\/uploads\\\/sites\\\/78\\\/2022\\\/10\\\/Run-1024x576.jpg\",\"contentUrl\":\"https:\\\/\\\/www.yorku.ca\\\/safety\\\/wp-content\\\/uploads\\\/sites\\\/78\\\/2022\\\/10\\\/Run-1024x576.jpg\"},{\"@type\":\"BreadcrumbList\",\"@id\":\"https:\\\/\\\/www.yorku.ca\\\/safety\\\/runhidedefendfr\\\/#breadcrumb\",\"itemListElement\":[{\"@type\":\"ListItem\",\"position\":1,\"name\":\"Home\",\"item\":\"https:\\\/\\\/www.yorku.ca\\\/safety\\\/\"},{\"@type\":\"ListItem\",\"position\":2,\"name\":\"Sauvez-vous, cachez-vous, d\u00e9fenez-vous\"}]},{\"@type\":\"WebSite\",\"@id\":\"https:\\\/\\\/www.yorku.ca\\\/safety\\\/#website\",\"url\":\"https:\\\/\\\/www.yorku.ca\\\/safety\\\/\",\"name\":\"Community Safety\",\"description\":\"\",\"potentialAction\":[{\"@type\":\"SearchAction\",\"target\":{\"@type\":\"EntryPoint\",\"urlTemplate\":\"https:\\\/\\\/www.yorku.ca\\\/safety\\\/?s={search_term_string}\"},\"query-input\":{\"@type\":\"PropertyValueSpecification\",\"valueRequired\":true,\"valueName\":\"search_term_string\"}}],\"inLanguage\":\"en-CA\"}]}<\/script>\n<!-- \/ Yoast SEO plugin. -->","yoast_head_json":{"title":"Sauvez-vous, cachez-vous, d\u00e9fenez-vous - Community Safety","robots":{"index":"index","follow":"follow","max-snippet":"max-snippet:-1","max-image-preview":"max-image-preview:large","max-video-preview":"max-video-preview:-1"},"canonical":"https:\/\/www.yorku.ca\/safety\/runhidedefendfr\/","og_locale":"en_US","og_type":"article","og_title":"Sauvez-vous, cachez-vous, d\u00e9fenez-vous - Community Safety","og_description":"Elle a \u00e9t\u00e9 con\u00e7ue \u00e0 des fins d\u2019\u00e9ducation et de pr\u00e9paration \u00e0 une situation potentielle d\u2019attaquant actif. Elle fait partie de l\u2019engagement soutenu de l\u2019Universit\u00e9 York en mati\u00e8re de s\u00e9curit\u00e9 sur les campus. Les attaques avec des armes \u00e0 feu ou \u00e0 l\u2019arme blanche sont tr\u00e8s rares au Canada, mais elles peuvent malheureusement se produire. [&hellip;]","og_url":"https:\/\/www.yorku.ca\/safety\/runhidedefendfr\/","og_site_name":"Community Safety","article_modified_time":"2023-07-04T19:22:37+00:00","og_image":[{"url":"https:\/\/www.yorku.ca\/safety\/wp-content\/uploads\/sites\/78\/2022\/10\/Run-1024x576.jpg","type":"","width":"","height":""}],"twitter_card":"summary_large_image","twitter_misc":{"Est. reading time":"3 minutes"},"schema":{"@context":"https:\/\/schema.org","@graph":[{"@type":"WebPage","@id":"https:\/\/www.yorku.ca\/safety\/runhidedefendfr\/","url":"https:\/\/www.yorku.ca\/safety\/runhidedefendfr\/","name":"Sauvez-vous, cachez-vous, d\u00e9fenez-vous - Community Safety","isPartOf":{"@id":"https:\/\/www.yorku.ca\/safety\/#website"},"primaryImageOfPage":{"@id":"https:\/\/www.yorku.ca\/safety\/runhidedefendfr\/#primaryimage"},"image":{"@id":"https:\/\/www.yorku.ca\/safety\/runhidedefendfr\/#primaryimage"},"thumbnailUrl":"https:\/\/www.yorku.ca\/safety\/wp-content\/uploads\/sites\/78\/2022\/10\/Run-1024x576.jpg","datePublished":"2022-10-31T18:21:42+00:00","dateModified":"2023-07-04T19:22:37+00:00","breadcrumb":{"@id":"https:\/\/www.yorku.ca\/safety\/runhidedefendfr\/#breadcrumb"},"inLanguage":"en-CA","potentialAction":[{"@type":"ReadAction","target":["https:\/\/www.yorku.ca\/safety\/runhidedefendfr\/"]}]},{"@type":"ImageObject","inLanguage":"en-CA","@id":"https:\/\/www.yorku.ca\/safety\/runhidedefendfr\/#primaryimage","url":"https:\/\/www.yorku.ca\/safety\/wp-content\/uploads\/sites\/78\/2022\/10\/Run-1024x576.jpg","contentUrl":"https:\/\/www.yorku.ca\/safety\/wp-content\/uploads\/sites\/78\/2022\/10\/Run-1024x576.jpg"},{"@type":"BreadcrumbList","@id":"https:\/\/www.yorku.ca\/safety\/runhidedefendfr\/#breadcrumb","itemListElement":[{"@type":"ListItem","position":1,"name":"Home","item":"https:\/\/www.yorku.ca\/safety\/"},{"@type":"ListItem","position":2,"name":"Sauvez-vous, cachez-vous, d\u00e9fenez-vous"}]},{"@type":"WebSite","@id":"https:\/\/www.yorku.ca\/safety\/#website","url":"https:\/\/www.yorku.ca\/safety\/","name":"Community Safety","description":"","potentialAction":[{"@type":"SearchAction","target":{"@type":"EntryPoint","urlTemplate":"https:\/\/www.yorku.ca\/safety\/?s={search_term_string}"},"query-input":{"@type":"PropertyValueSpecification","valueRequired":true,"valueName":"search_term_string"}}],"inLanguage":"en-CA"}]}},"taxonomy_info":[],"featured_image_src_large":false,"author_info":{"display_name":"alittle","author_link":"https:\/\/www.yorku.ca\/safety\/author\/alittle\/"},"comment_info":"","_links":{"self":[{"href":"https:\/\/www.yorku.ca\/safety\/wp-json\/wp\/v2\/pages\/11072","targetHints":{"allow":["GET"]}}],"collection":[{"href":"https:\/\/www.yorku.ca\/safety\/wp-json\/wp\/v2\/pages"}],"about":[{"href":"https:\/\/www.yorku.ca\/safety\/wp-json\/wp\/v2\/types\/page"}],"author":[{"embeddable":true,"href":"https:\/\/www.yorku.ca\/safety\/wp-json\/wp\/v2\/users\/99"}],"replies":[{"embeddable":true,"href":"https:\/\/www.yorku.ca\/safety\/wp-json\/wp\/v2\/comments?post=11072"}],"version-history":[{"count":10,"href":"https:\/\/www.yorku.ca\/safety\/wp-json\/wp\/v2\/pages\/11072\/revisions"}],"predecessor-version":[{"id":11497,"href":"https:\/\/www.yorku.ca\/safety\/wp-json\/wp\/v2\/pages\/11072\/revisions\/11497"}],"wp:attachment":[{"href":"https:\/\/www.yorku.ca\/safety\/wp-json\/wp\/v2\/media?parent=11072"}],"wp:term":[{"taxonomy":"post_tag","embeddable":true,"href":"https:\/\/www.yorku.ca\/safety\/wp-json\/wp\/v2\/tags?post=11072"}],"curies":[{"name":"wp","href":"https:\/\/api.w.org\/{rel}","templated":true}]}}